 3*c + 3 = 4*c. Give t(c).
1
Let j(n) = 7*n**3 - n + 2. Let w(b) = 20*b**3 - 2*b + 5. Let f(q) = -8*j(q) + 3*w(q). Let t be f(1). Let m(a) = a + 5. Determine m(t).
10
Let w(g) be the third derivative of -g**6/120 - g**5/10 - 5*g**4/24 + 5*g**3/6 - 2*g**2. Let o be w(-5). Let u(s) = -2*s + 5. Give u(o).
-5
Let y(l) be the second derivative of -l**3/6 - l**2/2 - l. Calculate y(-6).
5
Let v(d) = d - 3. Suppose 4*t + 18 = t. What is v(t)?
-9
Let r(d) = -d + 8. Let x(l) = l - 7. Let q(y) = 4*r(y) + 5*x(y). Give q(6).
3
Let a be 1 - 1*0/(-2). Let w(t) = t**2 + 0*t**2 + 0*t**2 - 2*t**3 - 2*t**3. Give w(a).
-3
Let w(g) = -7*g**2 - 5. Let r(c) = -c + c**2 + 3*c + c - 4*c + 1. Let a(h) = -6*r(h) - w(h). What is a(-5)?
-6
Let i(f) = -f + 2. Suppose -5*p + 17 = -13. Suppose -2*b + 3*x = -b + 6, 4*b + 3*x = p. Suppose b = -k + 5*r - 3, -5*r - 1 + 0 = -3*k. Determine i(k).
0
Suppose 4*q + 6 = -2. Let a(j) = 5*j + 6. Let c(r) = -5*r - 5. Let i(d) = -5*a(d) - 6*c(d). Determine i(q).
-10
Let x(w) be the third derivative of 0*w - 2*w**2 - 1/6*w**3 + 0 + 1/24*w**4. Calculate x(2).
1
Let l(f) = f**3 - f - 6. Let y be l(0). Let r be 1/(1/y*2). Let o(s) = 1 - 5*s**2 + 5*s**2 - 4*s + s**3 + s**2. What is o(r)?
-5
Let s(u) = u**2 - 4*u - 2. Let w(b) = -b**2 + 4*b - 3*b + b + 0*b + 1. Let c(g) = g. Let t be c(2). Let n(q) = t*s(q) + 5*w(q). Give n(-1).
-4
Let h(s) = -92*s**2 + s**3 - 106*s**2 - 8*s + 6 + 206*s**2. Calculate h(-9).
-3
Let b(c) be the second derivative of c**4/12 + 2*c**3/3 - 2*c**2 - c. Let u = -248 - -243. Give b(u).
1
Let i(a) = -a**2 - 5*a - 2. Let s be -4 + 0*3/9. Let m be i(s). Suppose 0 = j + 6*k - 2*k + 8, -m*k - 18 = -3*j. Let w(t) = t**3 - 3*t**2 - 3*t - 5. Give w(j).
-1
Let q(w) = 3*w**3 + 8*w**2 + 4*w - 9. Let g(h) = -5*h**3 - 15*h**2 - 7*h + 17. Let s(a) = -4*g(a) - 7*q(a). Suppose 6 = 5*m - 44. Let t = m - 6. Give s(t).
-5
Suppose -c - 3*z + 4 = 0, -2*c + 2*z + 3*z + 19 = 0. Let o(x) = 6*x**2 + 6*x + 11. Let t(l) = -5*l**2 - 6*l - 10. Let n(v) = -6*o(v) - 7*t(v). Give n(c).
-3
Let o(q) = 2*q + 2. Suppose 5*k = -25 - 5. What is o(k)?
-10
Let t(y) = 2 + 1 - 5 + y. What is t(1)?
-1
Let k(r) = r**3 - r**2 + r + 1. Let l(g) = g**3 + 7*g**2 - 10*g - 4. Let x be l(-8). Suppose 5*n = -2*b + 24, 0*b - 4*n + x = -2*b. What is k(b)?
7
Let x(p) be the first derivative of -p**3/3 + 2*p**2 + 10*p - 16. What is x(7)?
-11
Let h(w) = -30*w - w**2 + 2*w**3 - w**3 + 14*w - 11 + 15*w. What is h(0)?
-11
Let c(y) = y**3 + 7*y**2 + 5*y - 7. Let x(r) = 7*r**3 + 2*r**2 + r. Let i be x(-1). What is c(i)?
-1
Let v(k) = -5*k**3 - k + 1. Let h be 4/14 + (-26)/(-7). Suppose 3*r = -1 + h. Give v(r).
-5
Let f(n) = -11*n**2 - 2*n + 3. Let d(y) = -10*y**2 - 3*y + 4. Let l(t) = 4*d(t) - 5*f(t). Determine l(1).
14
Let l(i) be the first derivative of -i**2/2 + 6*i + 7. Give l(0).
6
Suppose -3*o + 10 = 2*t - 9, -5*t - 5*o + 35 = 0. Suppose 0 = 4*z + 3*f - 34 - 1, 3*z + t*f = 25. Let y(j) = -j**2 + 6*j - 1. Give y(z).
4
Let t = -11 - -16. Let g(i) = i**3 + 2*i**2 - i - 9. Let a(k) = 2*k**3 + 5*k**2 - 3*k - 17. Let d(h) = t*g(h) - 3*a(h). What is d(-5)?
-14
Let v(j) be the first derivative of -j**4/4 - 2*j**3/3 - 2*j**2 - 2*j - 2. Let p = 9 - 5. Suppose -p*x - 2*g + 8 = -5*x, -4*x = 5*g - 7. What is v(x)?
6
Let r(i) = 6*i**2 + 0*i**2 + 58*i**3 - 59*i**3 - 2*i**2. Suppose 0*m - 3*m + 27 = 0. Let h = m - 5. Determine r(h).
0
Let k(g) be the third derivative of 1/3*g**3 + 0*g**4 + 0 + 0*g - 1/30*g**5 + 2*g**2. Determine k(2).
-6
Let w(x) = -7*x + 4*x + x. Let y be 4/6*(-9)/3. Calculate w(y).
4
Let a = 8 - 2. Let i(p) = 5*p**2 - 6*p + 3. Let y(m) = 17*m**2 - 18*m + 8. Let w(c) = 7*i(c) - 2*y(c). Give w(a).
5
Let f(a) be the second derivative of a**3/6 + a**2 + a. Suppose 10*c - p = 6*c - 17, 2*c - 19 = -5*p. What is f(c)?
-1
Let d be (-5)/(-4)*(-5 - -1). Let q be ((-10)/(-25))/((-2)/(-10)). Let z(u) = 5 - 2*u**2 + 0*u - 7*u + 2*u + u**q. Calculate z(d).
5
Let v(m) = -11*m - 41. Let w(i) = 4*i + 14. Let z(g) = 3*v(g) + 8*w(g). Let d(t) = -2*t**3 + 2*t**2 + t + 1. Let c be d(2). Calculate z(c).
-6
Let g(r) = -7*r + 5. Let p(z) = 13*z - 10. Let k(l) = 7*g(l) + 4*p(l). Suppose -13 = 2*y - 21. Give k(y).
7
Let d(i) be the second derivative of i**7/840 - i**6/120 - i**5/20 + i**4/8 + i**3/2 - i. Let a(u) be the second derivative of d(u). What is a(4)?
-5
Let q(u) = -u + 5. Let t be q(9). Let n(y) be the second derivative of -y**4/12 - y**3/3 + 3*y**2/2 + 7*y. Determine n(t).
-5
Let s be (7 - (11 - -2))*(-10)/(-6). Let c(f) = f**2 + 12*f + 7. What is c(s)?
-13
Let h = -87 + 95. Let o(v) = v**2 - 8*v + 7. Determine o(h).
7
Let g(h) = 0 - 3*h + 2 - h + 6*h. Calculate g(-2).
-2
Let m(l) = l - 1. Let q(g) = g**3 + 8*g**2 - 11*g - 13. Let x be (-84)/10 - 6/10. Let r be q(x). What is m(r)?
4
Let z = -11 + 13. Let t(p) = -11*p**2 + 2*p. Let d(q) = -7*q**2 + q. Let j(g) = -8*d(g) + 5*t(g). Determine j(z).
8
Suppose 4*b - 19 = 4*d + 21, 0 = 2*b + 2*d. Let s(r) = 2*r + 4. Determine s(b).
14
Suppose 5*x + 4*p - p + 10 = 0, 0 = -5*x + 2*p - 35. Let r(m) = m**2 - m + 1. Let o(i) = 3*i**2 + 3*i - 2. Let f(s) = o(s) - 2*r(s). Calculate f(x).
-4
Let q = -13 + 15. Let x(s) = -5*s - 4 + 5*s**q - 7*s**2 + 3. Give x(-4).
-13
Let f(s) be the third derivative of -s**4/24 - s**3/6 - s**2. Let n(q) = -5*q - 42. Let o be n(-8). Calculate f(o).
1
Let h(a) = 3*a**2 - 1. Let k(r) = -r - 5*r + 2*r + r**2. Let u be k(5). Suppose -l - 3*t - u = 0, 0 = -5*t + 4 - 14. Determine h(l).
2
Let b(q) be the third derivative of -q**4/24 - q**3/6 - 9*q**2. Give b(6).
-7
Let m be 2 + -6*3/(-6). Let k(r) = -3*r**3 - 7*r**2 + 14*r - 13. Let j(n) = -5*n**3 - 10*n**2 + 21*n - 20. Let c(x) = 5*j(x) - 8*k(x). What is c(m)?
-6
Let j(p) be the third derivative of -3*p**2 + 0 + 1/24*p**6 - 1/24*p**4 + 0*p**3 - 1/30*p**5 + 0*p. Give j(-1).
-6
Let q be 1 + -1 + 8/2. Suppose 3*h = r + 19, -h - 5*r = -2 + 1. Let n(j) = -5*j + 1. Let y(f) = 9*f - 2. Let u(o) = h*y(o) + 11*n(o). Give u(q).
-5
Let r(t) = -t**2 - 5*t + 4. Suppose 0 = 3*j, q + 0*j = -j. Suppose 1 = 3*s + 10, 3*v + 4*s + 24 = q. Determine r(v).
8
Let r(m) be the third derivative of -m**5/60 + 7*m**4/24 + m**3/6 + 7*m**2. Determine r(7).
1
Let z(f) be the second derivative of f**5/20 + f**4/4 - f**3/3 - f**2 + 14*f. Let n = -4 - -1. Calculate z(n).
4
Let y(k) = 4*k - 3. Let r(n) = -9*n + 5. Let o(d) = -4*r(d) - 7*y(d). Suppose 3*u = i - 2 + 41, 3*u - 3*i = 45. Let q = -13 + u. What is o(q)?
-7
Let h(q) = -11*q**2 + 6*q + 1. Let k(y) = 5*y**2 - 3*y. Let b(t) = -6*h(t) - 13*k(t). What is b(-5)?
4
Let w = -58 - -55. Let q(a) = a + 7. Calculate q(w).
4
Let v = -3 + 6. Suppose q = -v*q + 16. Let m(k) be the third derivative of k**4/24 + k**3/6 + 160*k**2. What is m(q)?
5
Let u be (1 - -1) + (-2 - -2). Let g(k) = -3*k**2 + k**2 - 12*k**3 + 15*k**3 + u - 3*k. Give g(2).
12
Let t be (-2)/8 - 1/(-4). Suppose i - 1 + 6 = t. Let o(x) = 0*x - 2 - x + 6*x + x**2. Determine o(i).
-2
Let f(w) be the third derivative of w**6/240 - w**5/24 + w**4/12 + w**2. Let p(o) be the second derivative of f(o). Let a = -9 + 13. Give p(a).
7
Let h(r) = r**3 - 2*r**2 - 2*r + 2. Let z(j) = 3*j**3 - 5*j**2 - 5*j + 5. Let v(x) = 7*h(x) - 3*z(x). Determine v(1).
-1
Suppose 0 = -p + 2*p - 6. Let t be 8/(-12) - (-10)/p. Let b(m) = -5*m**3 + 2*m - 1. Calculate b(t).
-4
Let u(n) = -4*n**3 - 8*n**2 + 9*n - 8. Let m(r) = -3*r**3 - 7*r**2 + 8*r - 7. Let v(p) = -3*m(p) + 2*u(p). Determine v(-6).
5
Let g(f) = -f**3 + 4*f**2 - 5. Let k be g(4). Let h(i) = -92 + 26 + 4*i + 32 + 36. Give h(k).
-18
Let h(m) = -2*m + 8. Let j(c) = -c**2 + 7*c - 5. Let q be j(4). Suppose -2*a + q*a = -75. Let i be a*(-3 + 26/10). Calculate h(i).
-4
Let x(m) be the third derivative of m**7/168 + m**6/360 + m**5/120 - m**4/24 + m**3/2 + 5*m**2. Let z(q) be the first derivative of x(q). Calculate z(1).
6
Suppose -2*s + 6 = -10. Suppose -5*v - 7 = s. Let a(o) = -o. Give a(v).
3
Suppose -5*w = -w - 24. Let z(k) = 7*k - 4*k**2 - w*k + 2 - 2*k**3 - 3*k. Give z(-2).
6
Let q be (2 + -5 - -1) + 4. Suppose -15 + 35 = 5*x. Let g(o) = -1 + 3*o - x*o + 3. Calculate g(q).
0
Suppose 5*h - 9 = 4*h. Suppose 2*y - 4*y - 2*w + 4 = 0, 2*y - 3*w = h. Let a(u) = -u - 3. What is a(y)?
-6
Let t(s) = s**3 - 4*s**2 + s. Let r = -6 + 10. Suppose o + r*o = 15. Give t(o).
-